ime factors of s.
2, 3, 5
Let a = -293 - -513. Let h be 3 + -12 - ((-150)/(-15) - 19). Suppose 4*y + 5*d = a, h = -y - 4*d - 4 + 48. List the prime factors of y.
2, 3, 5
Let z be 1 + 0 + (-7 - -7). Let j(s) = 197*s - 2. Let u be j(z). Suppose -3*m + 6*m = u. What are the prime factors of m?
5, 13
Suppose -j - 4*c = 4*j - 169, 5*c + 205 = 5*j. Let f = -35 + j. Suppose 8*m = -f*m + 20. List the prime factors of m.
2
Suppose 0 = -36*n + 45*n - 45. Suppose 2*p - 5*w = 218, -n*w + 4 = -7*w. List the prime factors of p.
2, 13
Let z(o) = -65*o - 1. Let h = -575 - -566. What are the prime factors of z(h)?
2, 73
Let y = 15953 + -6308. List the prime factors of y.
3, 5, 643
Let o(y) = 2*y**3 + 3*y**2 + y - 2. Let c be o(-2). Let f(b) = -2*b + 16. Let m be f(c). Suppose -9*x = -7*x - m. What are the prime factors of x?
2
Suppose 24*b - 28*b = -4*d + 22824, -b - 22818 = -4*d. List the prime factors of d.
2, 23, 31
Let s(a) = 1153*a + 871. List the prime factors of s(11).
2, 3, 251
Let a be 0 + (0/1 - -5). Let r be 5022/42 - (-96)/224. Suppose -a*i + r + 315 = 0. What are the prime factors of i?
3, 29
Suppose 22 = x - f, x - 34 = -2*f + 6*f. What are the prime factors of 24/x - -2*(-2014)/(-12)?
337
Suppose 4*o - 3*b = 5293, -o - 15*b = -14*b - 1325. Suppose 2*z - 1394 = o. What are the prime factors of z?
3, 151
Let z(t) = t**3 - 10*t**2 + 17*t - 21. Suppose -10 = 58*f - 59*f. Let r be z(f). Let i = r - 104. What are the prime factors of i?
3, 5
Suppose 1320 = 2*i + 2*i. Let r be (-2)/(-63)*3 + -10*(-9557)/1995. Suppose r*w - 50*w = -i. What are the prime factors of w?
3, 5, 11
Suppose -3*s - m + 12 = -2, -m - 1 = 0. Suppose z = -s*z + 342. Suppose z*a - 52*a = 1250. List the prime factors of a.
2, 5
Let d(r) = 2*r - 19. Suppose -2*k + 14 = -4*x, 30 = 5*k - 5*x - 10. Let u be d(k). What are the prime factors of 10/((1/u)/(52/(-8)))?
5, 13
Let x = 5252 + -1501. Suppose -3575 = -11*m + x. List the prime factors of m.
2, 3, 37
Let d(i) = 2*i**3 + 4*i**2 - 9*i + 17. Let a be (3 + 14/(-4))*-12. List the prime factors of d(a).
7, 11
Let l(v) = 8*v**3 - 4*v**2 - 18*v + 3. Let i be (-84)/(-15) + 1*9/(-15). List the prime factors of l(i).
3, 271
Suppose -14*r = 21*r + 73640. Let g = r + 3507. What are the prime factors of g?
23, 61
Let h(n) = 291*n**2 - 382*n - 2266. What are the prime factors of h(-6)?
2, 59, 89
Suppose 250*d = 64*d + 7611678. What are the prime factors of d?
3, 4547
Let m(k) = -k**3 - 9*k**2 - 19*k - 39. Let n(l) = -8*l + 172. Let g be n(23). List the prime factors of m(g).
3, 23
Suppose -13 = 3*g - 5*s, 6 = -g + s + 5. Suppose -4*x + 597 = -3*k, -2*k - 598 = -g*x - 0*k. Suppose 200 = q - z + 56, 3*z = q - x. List the prime factors of q.
3, 47
Let v be 890/(-70) + (-1)/((-7)/(-2)). Let d(n) = n + 37. List the prime factors of d(v).
2, 3
Let c = -4 - -4. Suppose c = -9*u + 5*u + 16. Suppose -u*f + 36 = -2*f. List the prime factors of f.
2, 3
Suppose -5*t - 2*f = 429, 4*t + 330 = 2*f + 3*f. Let x = 43 + -101. Let l = x - t. List the prime factors of l.
3
Suppose 5*g + d + d = -4, 4*g - d = 2. Suppose 2*h + 2*h + 48 = g. What are the prime factors of (-381)/(-2) + 30/h?
2, 47
Suppose 7 = -7*x, 2*x + 52896 = -77*c + 78*c. What are the prime factors of c?
2, 53, 499
Suppose 0 = -p + q + 4*q + 2235, -2*p + 4483 = 3*q. List the prime factors of p.
2, 5, 7
Let r be ((-344)/(7 - 3))/(-2 - 0). Let t = r - 28. Suppose -9*i + t*i = 378. List the prime factors of i.
3, 7
Let k be (21/63)/((-4)/(-60)). Suppose 5*f + 5*c + 138 = 6*f, -3*f + k*c + 434 = 0. List the prime factors of f.
2, 37
Let z(q) = 16363*q + 4982. List the prime factors of z(2).
2, 11, 857
Suppose 120325 + 48200 = 21*p. What are the prime factors of p?
3, 5, 107
Let s = -26838 + 52231. List the prime factors of s.
67, 379
Let p(h) = -h**3 - 9*h**2 - 7*h - 26. Let l(m) = 3*m + 42. Let v be l(-17). What are the prime factors of p(v)?
37
Suppose 2 = -p + 25. Let c(b) = 2*b**2 - 25*b - 49. What are the prime factors of c(p)?
2, 7, 31
Let f(n) be the first derivative of n**6/360 + 13*n**5/120 - n**4/2 + 13*n**3/3 + 27. Let v(z) be the third derivative of f(z). List the prime factors of v(10).
2, 109
Suppose -g = 2*w - 0*g - 4, -5*w = 3*g - 9. Suppose w*h - 935 = 2*f - 4*f, 2*f = 4*h - 1256. List the prime factors of h.
313
Let x = 48 - 41. Let c be 5/(-35) + (2 - (-1)/x). Suppose -c*q - 8 = -128. List the prime factors of q.
2, 3, 5
Suppose 6*d + 11*d - 105244 = 13*d. List the prime factors of d.
83, 317
Let z = 5307 - -2970. What are the prime factors of z?
3, 31, 89
Let r = 15 + -39. Let l be ((-21)/(-12))/(-1*2/r). Suppose -l = 4*v - 129. What are the prime factors of v?
3
Suppose -4*m - h + 775 = 0, m - 395 = -m + h. Let b(v) = -36*v. Let u be b(-1). Suppose -u = -2*k + 3*z + 94, -m = -3*k - 4*z. What are the prime factors of k?
5, 13
Let a be (-4)/(16/(-20)) + 4/2. Suppose -5*t = 2*m, -2*m + m + t + a = 0. Suppose -5*p = -5*l + 495, -m*l + 2*p = -0*p - 486. List the prime factors of l.
2, 3
Suppose -1053*u - 25304 = -1061*u. Suppose 0 = -2*f - s + 2110, -3*f = -34*s + 35*s - u. List the prime factors of f.
3, 13
Let v(x) = 93*x**2 + 687*x - 54. List the prime factors of v(-20).
2, 3, 47, 83
Let b(n) = -n**2 + 4. Let o(s) = -2*s**2 + s - 14. Let r(u) = -5*b(u) + o(u). Suppose -4*y + 0*y - 3*t = 27, -5*t = 2*y + 3. List the prime factors of r(y).
2, 5
Let q(n) = -n**3 + 2*n**2 - 14*n - 6. Let s be q(6). Let t = s + 405. What are the prime factors of t?
3, 19
Suppose -166063 = -61*p + 435397. What are the prime factors of p?
2, 5, 17, 29
Let k(j) be the first derivative of 6*j**2 + 2*j - 16. Let x be k(5). Suppose -q + 4*s + x = 0, 5*q - 6*s = -s + 235. What are the prime factors of q?
2, 3, 7
Let a = 1626 + -1054. What are the prime factors of a?
2, 11, 13
Let n = -2195 + 6657. Suppose -2*g + 881 = u - 6*g, n = 5*u - g. List the prime factors of u.
19, 47
Let q be 5 - -1 - (1 + -17 + 14). Suppose 14*m = q*m + 7212. List the prime factors of m.
2, 601
Let v(o) = -o**2 - 34*o + 9. Let l be 4/(-20) - 164/5. List the prime factors of v(l).
2, 3, 7
Let l be 4410/(-75) - (-90)/50. Suppose 293 = -2*w - 115. Let p = l - w. What are the prime factors of p?
3, 7
Let k be 18*((-96)/18 + 4/6). Let x = 220 + k. What are the prime factors of x?
2, 17
Let y be 3*(6405/9)/(-5). Let r = y + 738. What are the prime factors of r?
311
Let y be 4129 + (6 - 6) - -5. Suppose 0 = 8*q + 5*q - y. List the prime factors of q.
2, 3, 53
Let t = -56413 - -83734. List the prime factors of t.
3, 7, 1301
Let j(l) = 353*l - 37. Suppose -3*u + 14 = 2*z - 0*u, 0 = 5*u - 10. What are the prime factors of j(z)?
5, 11
Let c = 42362 - -35726. List the prime factors of c.
2, 43, 227
Let k be ((6/(-9))/(-1))/2*-66. Let x(d) = -d**3 - 19*d**2 + 44*d - 12. What are the prime factors of x(k)?
2, 59
Let c(l) = -13*l + 242. Let m be c(29). Let x = m - -1457. What are the prime factors of x?
2, 661
Suppose -2*j + 31 = 5*u, -3*j - 2*u - 2*u + 29 = 0. Suppose 5*g - j*i = 1166, -4*i - i + 686 = 3*g. Let l = g - 160. List the prime factors of l.
2, 3
Let c be ((-4)/5)/(4/(-10))*-1. Let f(t) = t**2 + 1. Let g(l) = -l**3 + 12*l**2 + 15*l - 8. Let z(d) = c*f(d) + g(d). What are the prime factors of z(9)?
2, 103
Let j be -1 + 0 + (-8 - 2) + 8. List the prime factors of 30/9 - 4 - 2402/j.
2, 5
Let t(k) = -k**3 + k**2 + 2. Let q be t(2). Let v be 14*(7/q + 4). Suppose -3*x - 296 = -v*x - y, 0 = 4*y + 16. List the prime factors of x.
3, 5
Let m(q) = 10*q**2 + 168*q + 1680. List the prime factors of m(-10).
2, 5
Suppose 2*v + 4 = 0, 5*p - 533 = v + 3*v. List the prime factors of (-5)/(p/(-15001)) + 2/(-6).
2, 3, 7, 17
Let z(p) = p**2 + 3*p - 17. Let j be z(-7). Let b(f) = -2*f**2 - 23*f**2 + f**3 - 35 - 7*f - f - j*f. List the prime factors of b(26).
3, 7
Suppose 4*j = -51 + 99. Let h(n) = 0*n**2 - 6 + n**2 - 13*n + 7*n. List the prime factors of h(j).
2, 3, 11
Suppose -2*w = -2*i + 14, 4*w + 38 = 3*i + 12. Suppose 5*j = 5*a + 595, -12*a + 7*a = -i*j + 229. List the prime factors of j.
2, 61
Let t = -32 + 145. Suppose 0 = 110*k - t*k + 504. What are the prime factors of k?
2, 3, 7
Suppose 8*u - 4*u = -60. Let x = u + 42. What are the prime factors of x?
3
Let r = -216 - -465. Suppose 245 - r = c. List the prime factors of 2/(-3*c/(-24)) + 108.
2, 